(-48)/(-10))/(17/850). What is the greatest common divisor of r and 160?
80
Suppose 21 = -10*x + 13*x. Let d = 93 - -48. Let i = -85 + d. Calculate the highest common factor of i and x.
7
Suppose -30 = -5*h - 3*z, 5*h + 5*z = -0*z + 30. Suppose -3*j = -4*k - 46, -h*j = -11*j + 2*k + 100. Calculate the highest common divisor of j and 110.
22
Let f be 3*(0 + 20/6). Let t be (-43 + 3)/(58 - 60). Calculate the highest common factor of f and t.
10
Let m(f) = f**3 + 2*f**2 - 3*f - 14. Let h be m(4). Calculate the greatest common factor of h and 40.
10
Suppose 2*j - 7*j + 425 = 0. Suppose 0 = -4*f + 9*f - 85. What is the greatest common divisor of j and f?
17
Let z = -35 + 53. Let q = z - -35. Let r = q + -20. What is the greatest common factor of r and 11?
11
Let u be 56/(-98) - (-134)/14. Suppose 5*k + 16 = -u. Let b = k + 68. Calculate the greatest common factor of 7 and b.
7
Let q = 910 - 805. Calculate the greatest common divisor of q and 336.
21
Suppose 5*f = 33 - 13. Suppose o = -4*j - 4, -f*o - 5*j + 40 = o. What is the highest common factor of o and 108?
12
Suppose 0 = -3*o - 6, -18 = 6*m - 4*m - 3*o. Let b be 1128/(21/m + 1). Let x be b/(-12) - (-3)/(-9). What is the highest common factor of 25 and x?
25
Let v = -282 + 287. Suppose 5*i + 8 + 218 = -k, 2*k + 84 = -2*i. Let z = 66 + i. Calculate the highest common divisor of v and z.
5
Let c(t) = -t**3 - 10*t**2 - 8*t + 27. Let v be c(-9). What is the highest common factor of 108 and v?
18
Suppose -1491 = -18*x + 2649. Calculate the greatest common factor of x and 10.
10
Let c = -15 + 23. Let f = 12 - c. Suppose -4*u + 167 + 371 = x, u - 143 = f*x. Calculate the greatest common divisor of u and 15.
15
Let q(d) = -d**3 - 76*d**2 - d - 73. Let u be q(-76). Suppose 6 = 2*c + c + 3*a, -5*a - 8 = -4*c. What is the greatest common divisor of u and c?
1
Let y = 793 - 777. What is the greatest common divisor of 688 and y?
16
Let x be (-7 - -2) + 1 + 40 + -28. What is the highest common factor of 108 and x?
4
Suppose -2*r = 2*n - 6*r + 2, 5*r = 2*n + 4. Calculate the highest common factor of n and 111.
3
Suppose 5 = j + o - 13, -j + 2*o = -21. Let d be 7*(12 - -2) + (-12)/4. Calculate the greatest common factor of d and j.
19
Let g = 17 + -11. Let h(f) = f**2 + 30*f + 42. Let q be h(0). Calculate the greatest common divisor of g and q.
6
Let a = 6928 - 3903. Calculate the greatest common factor of 25 and a.
25
Let o(n) be the third derivative of -n**6/120 + n**4/24 + 13*n**3/3 + 23*n**2. Let b be o(0). Calculate the highest common factor of b and 130.
26
Let s(m) = m**2 - m - 10. Let u be (2 - (8 + -2)) + 9. Let o be s(u). Calculate the highest common divisor of 80 and o.
10
Suppose t - 5 = -4, -4*t - 204 = -4*w. Calculate the greatest common factor of w and 104.
52
Suppose 2*y = 4*h + 60, 2*y + h = -2*y + 75. Suppose 0 = w + 1 + 1. Let g be w/5 + 504/10. Calculate the highest common divisor of y and g.
10
Let o(m) = -5*m**3 - m**2. Let b be o(-3). Let h(w) = w**3 + 7*w**2 + 8*w + 8. Let a be h(-5). Calculate the greatest common factor of a and b.
18
Suppose 0 = 3*u - 3*r - 696, -20*u + 19*u = 3*r - 228. Calculate the greatest common divisor of 21 and u.
21
Let a be ((-612)/(-12))/(2/10). Calculate the highest common divisor of 204 and a.
51
Let v be (-15)/2*(-36)/30. Suppose 78 + 120 = v*u. Suppose 4*n - 3*n = 110. What is the greatest common factor of u and n?
22
Let d(n) = 429*n + 6. Let x be d(0). Suppose -l - 3*l + 56 = 0. What is the greatest common divisor of l and x?
2
Let g(o) = o**3 + 11*o**2 - 19*o - 28. Suppose 23 = -4*v - 25. Let r be g(v). What is the greatest common factor of r and 28?
28
Let q(b) = 2*b**3 + b**2 + 11*b - 33. Let p be q(3). Calculate the greatest common factor of 90 and p.
9
Let p(q) = -2*q**2 + 30*q + 3. Let b be p(15). Suppose 0 = -3*l - g + b*g + 238, 4*g - 244 = -3*l. What is the highest common divisor of 32 and l?
16
Let k be 3 - (-7)/((-35)/(-10)). Let o be -4*(45/(-12))/k. Calculate the greatest common divisor of 3 and o.
3
Let n be (-4)/28 - 1130/(-70). Calculate the greatest common factor of 32 and n.
16
Suppose -5 = g - 3*s - 17, -4*g - 2*s = -76. Let w(h) = -h + 36. Let a be w(g). Calculate the greatest common factor of 9 and a.
9
Let l be 510 + (-1 - (0 + 1) - 2). Calculate the greatest common divisor of l and 46.
46
Let k be (-653)/7 - 4/(-14). Let w = -85 - k. Calculate the greatest common divisor of 128 and w.
8
Let f be -2 + 5/10*4. Suppose 2*z - 4*d + 23 - 77 = f, 5*z - 3*d = 156. What is the greatest common factor of 11 and z?
11
Let m be ((-3)/(-1))/((-12)/(-40)). Let w = 14 - m. Let x(j) = j**3 - 2*j**2 + j + 20. Let i be x(0). What is the greatest common divisor of i and w?
4
Let w be (0 - 15/20)*-8. Suppose -15*m + w = -12*m. Let x = -14 - -24. Calculate the greatest common factor of x and m.
2
Suppose -w = 3*g + 32, 3*g + 0*g + 5*w + 40 = 0. Let l = 100 + g. Suppose 0 = 8*b - 3*b - l. Calculate the greatest common divisor of b and 9.
9
Let g(l) = l**3 - l**2 - 3*l - 3. Let b be g(-2). Let r be b/(-27)*(0 + 39). Suppose -5*q + 7 = -r. What is the highest common factor of q and 32?
4
Let o(d) = 67*d - 38. Let v be o(2). Calculate the greatest common factor of 288 and v.
96
Let y = -120 + 180. Suppose 3*s = -4*k - 43 + 203, 3*k - 252 = -5*s. Calculate the highest common factor of y and s.
12
Let b = 658 - 628. Let y be 2/2 - (0 + 2). Let m be y + 0/(-3) + 31. Calculate the highest common divisor of b and m.
30
Suppose -f = 2*f - 9. Suppose -f*u + 8 = -2*u. Let s = -11 + 19. Calculate the greatest common factor of s and u.
8
Let b(z) = -35*z - 16. Let u be b(-2). Let x = 17 + 1. What is the highest common factor of u and x?
18
Let d(l) = l**3 + 11*l**2 - 3*l - 13. Let x(o) = o + 15. Let z be x(-8). Suppose 2*y - z*y = 55. Let u be d(y). What is the greatest common factor of 4 and u?
4
Let v(p) = p**2 + 42*p - 277. Let d be v(7). Calculate the greatest common factor of 2 and d.
2
Let p(t) = 3*t + 689. Let s be p(14). What is the greatest common divisor of 17 and s?
17
Let z be (-112)/21*(-6)/(-4). Let h = z + 6. Let c be -52*(-3 + 2) + h. What is the greatest common factor of 20 and c?
10
Let u be 1 + 0/(-3) - -1. Let s(f) = -4*f - 2*f**3 + 7*f - 7*f - 5*f**2. Let o be s(-2). Calculate the greatest common divisor of u and o.
2
Suppose -79424 + 14660 = -63*y. Calculate the highest common divisor of 4 and y.
4
Let o(l) = -37*l + 26. Let t be o(-8). What is the highest common divisor of 14 and t?
14
Suppose -4*w = 2*k - 271 + 45, -w + 5*k = -84. What is the highest common factor of 1239 and w?
59
Suppose 5 + 61 = 2*p + 4*q, 5*p = -2*q + 157. Let a be (-3342)/(-27) + (-2)/(-9). Calculate the greatest common divisor of a and p.
31
Suppose 4*b + 144 = -0*b - 4*x, 72 = -2*b - 4*x. Let n = 26 - b. Calculate the highest common factor of n and 31.
31
Suppose 0 = -23*q + 24*q - 4. Suppose -11*z + q*z + 1715 = 0. Calculate the highest common factor of 49 and z.
49
Suppose q - 55 = -2*l, -3*q + 137 - 17 = -3*l. Calculate the greatest common factor of q and 30.
15
Let a = -34 + 69. Suppose 5*l - 86 = 4*b, -5*b + a = -4*l + 102. Calculate the highest common divisor of l and 198.
18
Let d(p) be the second derivative of -p**3/3 + 11*p**2/2 + 7*p. Let x be d(-9). Calculate the greatest common divisor of 29 and x.
29
Let j = -56 - -80. Let y = j + 10. What is the greatest common factor of 2 and y?
2
Suppose 0 = 6*j - 2*j + 96. Let v = 2 - j. Calculate the greatest common divisor of 65 and v.
13
Let a be (-378)/36*(13/(-3) + -1). What is the greatest common divisor of a and 40?
8
Let a = 17 + -3. Let r = a - -63. Let l(g) = -5*g + 7. Let p be l(0). Calculate the highest common factor of r and p.
7
Suppose f - v - 8 = 0, -f - 4*v = f - 4. Let g be (f/4 + 0)*80. Calculate the highest common factor of g and 30.
30
Let c be -6 - (4 - (113 + -7)). Calculate the highest common divisor of c and 72.
24
Let l = -22 + 55. Suppose -5*o + l = -67. What is the highest common factor of 4 and o?
4
Let a(v) = -3*v**2 + 1. Let b be a(-1). Let w be (-2)/(b*(-1)/(-3)). What is the greatest common divisor of 1 and w?
1
Let j = 267 + -203. Suppose -42 = -x + 2*u, -x = -5*u - 14 - 19. Calculate the highest common factor of x and j.
16
Let k(d) be the first derivative of 10*d**3/3 + 3*d**2